- 43430*c. Let n be (-6)/8*(-10 + 2). What is b(n)?
-3
Let d(c) = 9*c + 12. Let t(h) = -42*h + 8. Let u(r) = -8*r + 1. Let i(l) = 2*t(l) - 11*u(l). Let b(k) = -3*d(k) + 7*i(k). What is b(1)?
0
Let d(k) = -79*k - 81*k - 63*k + 16 + 257*k - 96. What is d(2)?
-12
Let p(v) = 10*v - 2. Let r(s) = s - 1. Let k(y) = p(y) - 5*r(y). Give k(3).
18
Let c(m) be the first derivative of m**3/3 + 3*m**2/2 - 5*m + 1. Let l be (1 - 2 - -2)*(-384)/12. Let v = l - -27. Determine c(v).
5
Let k(s) = 2*s**2 + 21*s - 7*s - 13*s. Let q(d) = -3*d**2 - 17*d + 22. Let o(j) = k(j) + q(j). What is o(-17)?
5
Let q(t) = 9135 - 4556 + t - 3*t**2 - 4559. Calculate q(7).
-120
Let i(r) = r**3 + r**2 - 20. Suppose 535 = -455*c + 460*c. Let z = c + -107. Give i(z).
-20
Let g(z) = -2*z + 4. Let v be 4/(-1 - (-1 - -2) - -1). Let h(y) = 3*y + 12. Let i be h(v). Suppose i = -3*p - 20 + 5. Determine g(p).
14
Let v be (1 + 1 + 1)/(10 + -11). Let d(l) = -2*l + 1. Let j(w) = 5*w - 1. Let a(s) = v*d(s) - j(s). What is a(3)?
1
Let s(t) = t + 16*t**2 - 6*t**2 - 6 + t**3 + 0*t - 2*t. Let r be (-10)/7*8/(-8)*-7. What is s(r)?
4
Let d(k) = 5*k**3 - 2*k**2 - 10*k + 9. Let a(h) = 28*h**3 - 11*h**2 - 55*h + 43. Let v(p) = 2*a(p) - 11*d(p). What is v(0)?
-13
Let r be ((-1)/2)/((-24)/(-96)). Let j(t) = 5*t**3 - 4*t**2 + 4*t + 4. Let w(p) = -p**3 - p - 1. Let c(u) = -j(u) - 6*w(u). What is c(r)?
6
Let q(j) = -j**2 + 37*j - 344. Let s be q(17). Let i(l) = -2*l**2 - 4*l - 1. What is i(s)?
-17
Let b(u) = 21*u + 26*u - 71*u + 23*u + 0 + 1. Let c be (-6)/(-5)*(-5)/(-1). Let o(t) = 9*t**2 + 6*t - 7. Let y(k) = c*b(k) + o(k). What is y(1)?
8
Let u be -2 + (6 - 6) + (-2 - -7). Suppose u*j + 5 = -g, -6 = -5*j + g - 9. Let v(b) = 3*b**2 - 2*b - 2. Calculate v(j).
3
Let n(x) be the first derivative of 5*x**2/2 - 25*x - 1619. Calculate n(19).
70
Let c(g) = g - 14. Suppose 0 = -3*f + 16*f - 9347. Suppose 33 = f*m - 716*m. What is c(m)?
-3
Let v be 30 + -50 - 70/(-10). Let p(j) = -j**3 - 14*j**2 - 12*j - 9. Give p(v).
-22
Let y = -1987 + 1990. Let u(a) = 2*a**3 + 2*a**2 - 3*a - 2. Determine u(y).
61
Let b(c) = 6*c + 77. Let f be b(-15). Let n be ((2 + -1)*f)/1. Let g(q) = q**2 + 14*q + 12. Give g(n).
-1
Let a(v) be the first derivative of -v**6/120 + v**5/6 - v**4/3 - v**3/3 + 43*v**2/2 - 1. Let x(z) be the second derivative of a(z). Calculate x(9).
7
Let y(c) = 16*c - 44. Let n(f) = -7*f + 25. Let u(l) = 5*n(l) + 2*y(l). Calculate u(15).
-8
Let a(p) = p**2 - 2*p + 5. Let s(o) = -4*o**2 - 13*o - 22. Let g(q) = -2*a(q) - s(q). What is g(-11)?
67
Suppose 15*c + 4*c = 38. Suppose -f + c*u - 14 = 0, -7*f + 4*u - 46 = -2*f. Let d(t) = t**3 + 7*t**2 + 9*t + 9. Calculate d(f).
-9
Let o(j) = 0*j - 5*j - 262 + 269 + j**2. Let t be (-14)/5 + 1/(-5). Let i = t + 8. Calculate o(i).
7
Let m be (2/(-8))/(-1) + 9/(-36). Let r be (2 + m)/((-2)/62). Let t = -62 - r. Let h(z) = -z**2 + z - 7. Calculate h(t).
-7
Suppose 5*h = r + 6 - 8, 3*h = -2*r + 30. Let m be r/18*(-12 - (0 - 0)). Let t(u) = u**3 + 7*u**2 - 8*u - 5. What is t(m)?
-5
Let u(n) = -11*n**2 + 9 + n + 1 - n**3 - 1. Suppose 0 = 4*h - 2*a - 810, 3*h - 2*a + 79 = 685. Let x = h + -215. Calculate u(x).
-2
Let q(p) = 7 + 33 + 6*p + 8 - 20*p. Calculate q(3).
6
Let j(n) = -6*n - 1. Suppose -19*f + 3*f = -160. Suppose 2*u - f = 0, 8 - 31 = 3*o - 4*u. Calculate j(o).
5
Let z(k) = k**2 + 38*k + 136. Let c(o) = -56*o - 370. Let v be c(-6). What is z(v)?
0
Let u(a) = a**2 - 4*a + 1. Suppose -5*l + 7 = -3. Let b(f) = 7*f - 11. Let s be b(l). Determine u(s).
-2
Let p(w) = -2*w + 105. Let i(x) = -3*x + 125. Let v(z) = -4*i(z) + 5*p(z). Determine v(-14).
-3
Let x(j) be the second derivative of j**3/3 - 23*j**2 + 4*j + 19. Give x(22).
-2
Let z(v) = -10 - 15*v + 22*v + 6*v**2 + v**3 - 11*v + v**3. Give z(-3).
2
Let p be (51/9 + -3)/((-1)/(-3)). Suppose k = -k + p. Let i(b) = -2*b + 2*b**3 - 12 + 2 + 8 + k*b**2 + 0*b**2. Give i(-3).
-14
Let y(l) = 4*l**2 + 5*l - 5. Let p be y(5). Suppose 0 = 4*c - 8*c + p. Suppose 0*q - 5*q = c. Let w(d) = 2*d + 1. Calculate w(q).
-11
Suppose 0*x + 8*x + 56 = 0. Let j(u) = 3*u - 4*u - 6*u - 1 + 0*u + 6*u. Determine j(x).
6
Let y(g) = 71*g - 812. Let r(i) = 34*i - 415. Let j(u) = -5*r(u) + 2*y(u). Give j(16).
3
Suppose -3*c - 4*o = -4*c - 12, 0 = 5*c + 4*o - 36. Let j(v) = -v + 0*v - c*v**2 - 4*v - v + 4*v + 2. Let k(f) = -f**2 + 4*f - 2. Let s be k(4). Determine j(s).
-10
Let z(d) = -2 - 97*d + 3 - 4*d**2 + 284*d - 93*d - 93*d. What is z(-2)?
-17
Let x(r) = -3*r**2 + 123*r + 38. Let o(p) = p**2 - 49*p - 19. Let y(z) = -5*o(z) - 2*x(z). Give y(-6).
61
Suppose 31 = 1098*w - 1123*w + 231. Let v(b) be the third derivative of -b**6/120 + 3*b**5/20 - b**4/4 - 3*b**3/2 - 6*b**2. Give v(w).
7
Let a = -6 - -5. Let q = a - -1. Let i be 5 - (q/7 - (-1 + -1)). Let o(h) = h**3 - 3*h**2 + h. What is o(i)?
3
Let c(w) be the second derivative of 11/2*w**2 - 7/12*w**4 + 5/3*w**3 - 1/20*w**5 + 5*w + 0. What is c(-8)?
-5
Let o be 10 - 2 - 3 - 0. Let t(n) = -10*n - 2*n**2 - 6 - 8*n**2 + 12*n**2. Give t(o).
-6
Let g(o) = -o**2 - 2*o + 3. Let w be g(0). Suppose -w*i = -3*b - 111, 0*b - 7 = b + 5*i. Let f = b - -26. Let y(v) = v**3 + 5*v**2 - 7*v - 2. Give y(f).
4
Suppose 720*l - 456 = 744*l. Let j(k) = -2*k**2 - 39*k - 24. Calculate j(l).
-5
Let j(n) = -4*n**2 + 63*n - 4. Let o(d) = -3*d**2 + 39*d - 5. Let t(h) = -2*j(h) + 3*o(h). Give t(-7).
7
Let n(w) = -w**2 - 3*w + 1. Suppose 15*g - 13*g = 6. Suppose -4*t + 10*v = 13*v - 17, -g*v = -4*t + 23. What is n(t)?
-39
Let w(m) = -6*m**2 + 62*m + 19. Let s(c) = 2*c**2 - 21*c - 6. Let k(f) = 2*f**3 + 3*f**2 + 2*f - 3. Let g be k(-2). Let z(n) = g*s(n) - 4*w(n). What is z(9)?
-1
Let m(o) = -15*o**3 + 4*o - 1. Suppose 5*h + 32 = 3*i, 16 = 24*h - 28*h. Let v(a) = -4*a**3 - 3*a**3 - 1 - 7*a**3 + 3*a. Let r(b) = i*v(b) - 3*m(b). Give r(1).
-12
Let m(a) = -a**3 - 3*a**2 - 3*a - 1. Let d(g) = -g**3 - 19*g**2 - 4. Let i = -973 - -954. Let w be d(i). Give m(w).
27
Let g(q) be the first derivative of 0 + 5 - 99 + 2*q**3 - q**2 - 35*q + 36*q. What is g(2)?
21
Let b(o) be the first derivative of -o**3/3 - 12*o**2 + 10. Let t be b(-24). Suppose 7*j - 3*j - 4 = t. Let x(a) = -14*a**2 - a + 1. Determine x(j).
-14
Let r(s) = s + 24. Let c = 1593 - 1602. What is r(c)?
15
Let v(c) = 85*c + 241. Let b be v(12). Let g(o) = 1264*o**2 - 2*o**3 - b*o**2 + 0 - 2*o - 1. Calculate g(2).
-9
Suppose 7 - 8 = 8*n + 23. Let b(y) = 4*y**2 + 13*y - 1. Give b(n).
-4
Suppose 0 = -0*h - 3*h. Suppose 2*w + h - 6 = 0. Let l(o) = 3 - 173*o + 108*o + 67*o + 0. Calculate l(w).
9
Let k(x) = 3*x**3 - 35*x**2 - 23*x + 6. Let m(u) = u**3 - 17*u**2 - 12*u + 2. Let f(n) = -2*k(n) + 5*m(n). Give f(-14).
-2
Let l(k) = -11*k + 84. Suppose 0 = -4*p - 5*v + 67, -3 = -8*p + 5*p + 3*v. Determine l(p).
-4
Let t(n) = 933 - 411 - 430 + 19*n**2 - 20*n - 17*n + n**3. What is t(-21)?
-13
Suppose 4*f = -5*m + 55, 13529 = -2*m - 3*f + 13572. Let u(j) = 12*j + 7. Let p(c) = -1. Let l(s) = 6*p(s) + u(s). Calculate l(m).
-11
Let m(s) = -s**3 + 10*s**2 - 11*s + 10. Suppose 2*w + 36 = 11*w. Suppose -2*a + w*b - 7 = -33, -4*b + 19 = 3*a. Determine m(a).
-8
Let z(g) = -2*g**3 + 94*g**2 - 347*g + 138. Let u be z(43). Let p(o) = -o**3 + 7*o**2 + 17*o + 6. Determine p(u).
-3
Let q(t) be the third derivative of -t**5/60 - 13*t**4/24 + t**3/2 + 3222*t**2. Give q(-10).
33
Let b be 8 - (12 + 90/(-10) + 6). Let a(y) = -y + 1. Let d(n) = 133*n - 114. Let t(r) = -114*a(r) - d(r). What is t(b)?
19
Let l(k) be the third derivative of -k**6/120 - k**4/24 + k**3/3 + 2*k**2 + 38*k. Suppose 2*r = u - r + 7, r - 3 = 0. Calculate l(u).
-8
Let a(d) = -5*d**2 - 8*d**2 + 20*d - 21 - 7*d**2 + 10409*d**3 - 10410*d**3. Give a(-21).
0
Let d(f) be the first derivative of -f**3 + f**2/2 + f + 2. Let p(c) = c**3 - 24*c**2 + 25*c - 3. Let g be p(23). Let a = g - 41. Determine d(a).
-9
Let q(l) be the second derivative of -l**3/6 + 11*l**2 + 157*l. What is q(8)?
14
Let c(j) = 3*j - 2. Let f(b) = 4*b - 2. Let a(o) = -6*c(o) + 5*f(o). Let y be a(-1). Suppose y = 10*q - 14*q - 8. Let h(m) = 6*m + 3. Calculate h(q).
-9
Let r(y) = y + 11*y**3 - 4*y**3 + 0 + 1. Let g = -120078 - -120077. Calculate r(g).
-7
Let a(l) = 16*l**2 + 6*l + 63. Let k(n) = 16*n**2 + 7*n + 88. Let i(x) = 3*a(x) - 2*k(x). Calculate i(-2).
69
Suppose -40*j 